t is the greatest common divisor of n and 50?
50
Let i = 76 - 11. Let s = i - 44. What is the greatest common factor of 7 and s?
7
Suppose 83 = 11*w - 577. What is the highest common factor of 12 and w?
12
Let r be 120/(-16)*(-288)/10. What is the highest common divisor of 24 and r?
24
Let w = -2 - -4. Suppose 76 = 5*b + v, v = w*b - 4*v - 52. Suppose b = 2*t - 12. Calculate the highest common divisor of 70 and t.
14
Let h be (-15)/(-5) - (1 + 0). Let l be h - (2 - 2 - 0). Let g = 14 + l. What is the highest common divisor of g and 24?
8
Let m(q) = q**3 - 6*q**2 - 8*q + 9. Let v be m(7). What is the highest common divisor of v and 2?
2
Let a = 25 + -19. Let t(j) = 2*j**3 - 3*j**2 + j. Let w be t(2). What is the highest common divisor of w and a?
6
Let g(p) = -p + 7. Let l be g(5). What is the greatest common factor of 22 and l?
2
Let d be 3614/65 - (-4)/10. Let i be (-2)/4 + (-18)/(-4). Suppose -2*o + 7*o - 5*x = 55, i*x + 23 = o. What is the highest common divisor of o and d?
7
Let k(p) be the first derivative of 6*p + 7/3*p**3 + 1/4*p**4 + 3 + 3*p**2. Let m be k(-4). What is the highest common factor of 45 and m?
15
Suppose 0 = -4*c + 5 + 3. Suppose c*r - a = 2*a + 37, 5*r - 2*a - 76 = 0. Calculate the greatest common factor of 21 and r.
7
Suppose 3*y = -4*l + 220, 6*y + l - 217 = 3*y. Calculate the highest common divisor of y and 24.
24
Let n(x) = 2*x**2 + 3. Let z be n(-3). What is the highest common factor of z and 63?
21
Let p(h) = 5*h + 1. Let o(v) = 4*v + 1. Let i(s) = 7*o(s) - 6*p(s). Let q be i(-3). What is the greatest common factor of 56 and q?
7
Suppose 46 = 2*t - 254. Let c = -46 + 61. Calculate the greatest common divisor of t and c.
15
Let o = 72 - 48. Calculate the greatest common divisor of 156 and o.
12
Suppose 2*m - 5*m - 12 = 0, -2*p = 2*m - 94. Suppose 3*g - 2*r - 19 - 83 = 0, -5*g + r + 170 = 0. What is the greatest common factor of g and p?
17
Suppose 2*w - 152 = h, 2*w - 144 = -3*h + 24. Calculate the greatest common factor of 26 and w.
26
Suppose g + 2*r = -2*r + 10, 5*g + 5*r = 5. Let m be -1 + g/(-2 + 0). Suppose m = h - 26 + 5. Calculate the greatest common divisor of 7 and h.
7
Suppose -f - f + 312 = 0. What is the highest common divisor of 39 and f?
39
Suppose 4*g + 24 = 2*y, -g + 4*y + 3 - 2 = 0. Let a(m) = -3*m - 6. Let l be a(g). Calculate the highest common divisor of l and 120.
15
Let o be ((-126)/15)/((-10)/25). Calculate the highest common factor of 147 and o.
21
Let z = 15 - 3. Calculate the highest common divisor of z and 6.
6
Suppose v + 0*v + 10 = -5*j, 5*j = -2*v - 5. Suppose -g + 4*g = 4*m - 5, -g - 2 = -m. Let b = 5 + g. What is the highest common divisor of v and b?
1
Suppose 0 = -5*l - l + 174. Suppose 3*i - l = 25. What is the greatest common factor of i and 45?
9
Let o = -297 - -479. What is the greatest common factor of o and 14?
14
Let p = 119 - 69. Calculate the highest common factor of 10 and p.
10
Let m be (-12)/(-28) - (-50)/14. What is the highest common factor of 44 and m?
4
Suppose 0 = -2*p - p. Let o be (-2 - p)*18/4. Let u = o + 18. Calculate the highest common factor of u and 18.
9
Suppose -1 = -x + 2. Suppose x*y - 23 = 7. Let p(m) = -m**3 + 7*m**2 - 5*m + 4. Let a be p(6). Calculate the greatest common divisor of a and y.
10
Suppose 0 = -2*g + 3*k + 3, g + 0*g - 9 = -k. Let o = -25 - -43. Calculate the greatest common factor of g and o.
6
Let j(c) = -c**3 - 7*c**2 - 8*c + 4. Let s be j(-6). Let l = 1 + 47. What is the highest common factor of s and l?
16
Let l be (4 + 0)/((-1)/(-10)). Let o be 1/4 + (-45)/(-12). What is the highest common factor of o and l?
4
Let h = 4 - -16. Calculate the greatest common divisor of h and 40.
20
Suppose 50 = -2*q + 3*v + v, 4*v - 71 = 3*q. Let a = q - -30. Calculate the highest common divisor of 3 and a.
3
Let h(u) = -u - 5. Let l be h(-6). Let b be ((12/l)/2)/1. Let j(i) = i**3 + 4*i**2 + 2. Let s be j(-4). What is the highest common factor of s and b?
2
Let r = -76 - -118. Calculate the highest common factor of r and 6.
6
Suppose 0 = -0*h - 3*h + 156. Calculate the greatest common factor of 130 and h.
26
Let x be (-2 + 5)/((33/40)/11). Suppose 4*i + 3 = -1. Let l be (16/(-5))/(i/5). What is the greatest common divisor of x and l?
8
Let k(t) be the first derivative of t**4/2 - 5*t**3/3 - t**2 + 3*t - 2. Let l be k(6). Suppose 5*x + 43 = l. Calculate the highest common factor of 8 and x.
8
Let y = -4 + 22. Let w be 2 + (-1)/(2/(-4)). Suppose 0 = w*p + 1 - 25. Calculate the greatest common divisor of p and y.
6
Let r = 10 - 13. Let c be (1/r)/((-3)/342). What is the greatest common factor of 19 and c?
19
Suppose 0 = 10*v - 12*v + 4. Suppose -a = -5*c - v*a + 40, -15 = -3*a. What is the highest common divisor of 42 and c?
7
Let b(v) = v**3 - 5*v**2 - 7*v + 6. Let c be b(6). Let q be (c - 13)/((-6)/30). What is the greatest common factor of 13 and q?
13
Suppose -w + 5*y + 40 = 0, 3*w - 68 = 2*y - 0. Calculate the greatest common factor of w and 30.
10
Let w be (80/6)/(2/18). Let y be (9/(-4))/(21/(-140) + 0). Calculate the highest common divisor of w and y.
15
Suppose -2*z + 980 = 5*q, -4*q + 4*z + 812 = -0*z. Let a = 81 - 59. What is the greatest common divisor of q and a?
22
Let v(w) = w**2 - 4*w + 6. Let p be v(6). Let c be 3/(-5) - p/(-5). Let t be -8*c*(-1)/2. What is the highest common divisor of 3 and t?
3
Let q = -19 - 82. Let d = -66 - q. What is the highest common factor of d and 5?
5
Suppose 5*k - 70 = 155. What is the greatest common factor of 5 and k?
5
Let x(f) = f**2 + 16*f - 7. Let r be x(-18). What is the highest common divisor of 87 and r?
29
Suppose 0*t + 16 = 4*t. What is the highest common factor of t and 16?
4
Suppose 4*l + v - 30 = 2*v, 18 = 3*l - 3*v. Suppose -3*k + 4*k = l. Calculate the highest common factor of k and 32.
8
Let j(d) be the first derivative of d**2/2 + 13*d - 8. Let t be j(-7). Calculate the highest common divisor of 12 and t.
6
Let k = 0 + 10. Let v(u) = 18*u + 1. Let c be v(-2). Let g = 55 - c. Calculate the greatest common divisor of g and k.
10
Let m = 93 + -81. What is the highest common factor of 48 and m?
12
Suppose -2*g + 2 = -18. Let a = -14 + g. Let p(y) = -y**2 - 4*y + 4. Let v be p(a). Calculate the greatest common divisor of 1 and v.
1
Suppose 2*f - 10 = 5*o - 3*f, 4*o + 4*f - 16 = 0. What is the highest common factor of o and 10?
1
Let z = 4 - 15. Let f = -3 - z. Calculate the highest common divisor of 32 and f.
8
Let w(o) = -3*o + 79. Let l be w(5). What is the highest common divisor of 48 and l?
16
Let d = 166 - 118. Let t = 51 + -45. Calculate the greatest common factor of d and t.
6
Let m(i) = 5*i**2 + 2*i - 3. Suppose -2*j = -4*k - 20, -3*j - k + 16 = -0*k. Let r be m(j). What is the highest common factor of r and 21?
21
Let d(a) = -15*a + 2. Let j be d(-5). What is the greatest common divisor of 7 and j?
7
Suppose -3 = -3*a + 6*a, 2*a + 62 = n. Suppose 3*j - j = n. Calculate the greatest common divisor of j and 20.
10
Let t = -4 - -7. Calculate the greatest common divisor of t and 3.
3
Let c be (-22)/4 - (-1)/(-2). Let x(s) = -s**2 - 7*s - 2. Let k be x(c). Let j be 0 + (-2)/(2 - k). Calculate the highest common factor of j and 9.
1
Let t = 7 + -3. Suppose -12 = -0*p - t*p. Suppose 0 = w + 5*m + 16, -p*w + m = -0*w - 32. What is the highest common divisor of 9 and w?
9
Let x(j) = j**3 + 5*j**2 + 6*j + 4. Let w be x(-5). Let u = w - -70. Let k = 32 + -10. Calculate the highest common divisor of u and k.
22
Let w(l) = -l**3 - l**2 + 2. Let g be w(0). Suppose 17 = t - g. Suppose 4*b - 151 = -5*x, b = x - b - t. Calculate the highest common factor of x and 9.
9
Suppose -2*h = 2*h - 8. Suppose -n = -0*n + m - 5, -m + 7 = h*n. What is the greatest common divisor of 4 and n?
2
Suppose -212 = -5*p - 12. Calculate the highest common factor of 8 and p.
8
Let k = -61 + 116. Let b be (33*10/15)/1. What is the highest common divisor of k and b?
11
Let a(m) = 12*m - 10. Let b be a(7). Suppose -b = -0*j - 2*j - 4*n, -5*j = 5*n - 175. What is the greatest common factor of j and 11?
11
Let b be 4/(-3 + -5)*-12. Suppose -5*m - 1 = -b*m. What is the greatest common factor of m and 11?
1
Suppose 0 = 14*w - 11*w - 198. What is the highest common divisor of w and 22?
22
Suppose 0 = -2*k + 4 - 2. Suppose -k =